units digit of 12511377?
7
What is the tens digit of 290486?
8
What is the ten millions digit of 15678840?
1
What is the units digit of 143610?
0
What is the ten thousands digit of 313941?
1
What is the ten thousands digit of 2543437?
4
What is the units digit of 276729?
9
What is the units digit of 416578?
8
What is the tens digit of 299726?
2
What is the ten millions digit of 11715838?
1
What is the units digit of 9518614?
4
What is the ten thousands digit of 7084096?
8
What is the units digit of 325952?
2
What is the units digit of 247345?
5
What is the tens digit of 2843865?
6
What is the hundred thousands digit of 573853?
5
What is the units digit of 439394?
4
What is the millions digit of 2942528?
2
What is the ten thousands digit of 1424995?
2
What is the units digit of 617663?
3
What is the thousands digit of 4041168?
1
What is the ten thousands digit of 1620903?
2
What is the units digit of 2572242?
2
What is the units digit of 795685?
5
What is the ten thousands digit of 232697?
3
What is the thousands digit of 10698714?
8
What is the tens digit of 13118752?
5
What is the ten thousands digit of 995035?
9
What is the tens digit of 625616?
1
What is the tens digit of 7883965?
6
What is the hundred thousands digit of 584858?
5
What is the ten thousands digit of 142712?
4
What is the millions digit of 3284120?
3
What is the tens digit of 5173293?
9
What is the ten millions digit of 15408233?
1
What is the ten thousands digit of 5444804?
4
What is the ten thousands digit of 761609?
6
What is the ten thousands digit of 5769734?
6
What is the units digit of 25594662?
2
What is the hundred thousands digit of 1844251?
8
What is the ten thousands digit of 1876909?
7
What is the thousands digit of 10041681?
1
What is the hundreds digit of 358061?
0
What is the hundred thousands digit of 245771?
2
What is the hundred thousands digit of 516736?
5
What is the thousands digit of 17734?
7
What is the thousands digit of 660775?
0
What is the units digit of 5427467?
7
What is the hundreds digit of 5409466?
4
What is the hundreds digit of 216603?
6
What is the units digit of 1588293?
3
What is the ten thousands digit of 207552?
0
What is the hundred thousands digit of 903649?
9
What is the units digit of 337488?
8
What is the hundred thousands digit of 416996?
4
What is the tens digit of 374254?
5
What is the thousands digit of 1202454?
2
What is the ten thousands digit of 1642453?
4
What is the units digit of 318419?
9
What is the millions digit of 7108794?
7
What is the thousands digit of 247419?
7
What is the tens digit of 373724?
2
What is the hundreds digit of 23738619?
6
What is the hundred thousands digit of 1679015?
6
What is the thousands digit of 2068730?
8
What is the millions digit of 10979474?
0
What is the ten thousands digit of 31540045?
4
What is the thousands digit of 659766?
9
What is the thousands digit of 1940169?
0
What is the units digit of 183368?
8
What is the tens digit of 177686?
8
What is the thousands digit of 1200523?
0
What is the hundred thousands digit of 5449382?
4
What is the millions digit of 19418159?
9
What is the tens digit of 293232?
3
What is the tens digit of 18415828?
2
What is the ten thousands digit of 4464357?
6
What is the hundred thousands digit of 1450452?
4
What is the hundreds digit of 138561?
5
What is the tens digit of 1148120?
2
What is the ten thousands digit of 1166429?
6
What is the thousands digit of 272681?
2
What is the hundreds digit of 27637?
6
What is the ten thousands digit of 28617272?
1
What is the hundred thousands digit of 108800?
1
What is the units digit of 4459544?
4
What is the thousands digit of 381936?
1
What is the thousands digit of 29846?
9
What is the millions digit of 2954434?
2
What is the ten thousands digit of 196994?
9
What is the units digit of 30849473?
3
What is the units digit of 28607780?
0
What is the tens digit of 5148215?
1
What is the millions digit of 2008638?
2
What is the units digit of 11525206?
6
What is the thousands digit of 180169?
0
What is the tens digit of 734986?
8
What is the thousands digit of 1858538?
8
What is the hundred thousands digit of 3616609?
6
What is the tens digit of 6336293?
9
What is the tens digit of 483778?
7
What is the thousands digit of 2061355?
1
What is the hundreds digit of 355532?
5
What is the units digit of 7203?
3
What is the units digit of 98562?
2
What is the hundreds digit of 1913590?
5
What is the units digit of 1413962?
2
What is the thousands digit of 170052?
0
What is the ten thousands digit of 685047?
8
What is the tens digit of 3077371?
7
What is the millions digit of 5279772?
5
What is the hundred thousands digit of 13413233?
4
What is the ten thousands digit of 1078200?
7
What is the units digit of 21015?
5
What is the tens digit of 442643?
4
What is the hundred thousands digit of 224458?
2
What is the hundreds digit of 9100203?
2
What is the hundreds digit of 678166?
1
What is the units digit of 15916703?
3
What is the thousands digit of 210116?
0
What is the ten thousands digit of 473443?
7
What is the hundreds digit of 65127?
1
What is the thousands digit of 2699258?
9
What is the millions digit of 1098234?
1
What is the hundreds digit of 3157016?
0
What is the millions digit of 1348618?
1
What is the ten thousands digit of 206458?
0
What is the thousands digit of 28923?
8
What is the thousands digit of 12207436?
7
What is the hundreds digit of 1887196?
1
What is the tens digit of 1885036?
3
What is the millions digit of 14783719?
4
What is the ten thousands digit of 638700?
3
What is the thousands digit of 79431?
9
What is the hundreds digit of 619582?
5
What is the units digit of 19397897?
7
What is the ten thousands digit of 1002259?
0
What is the thousands digit of 149678?
9
What is the hundreds digit of 452536?
5
What is the hundreds digit of 2003408?
4
What is the thousands digit of 693477?
3
What is the millions digit of 3836495?
3
What is the millions digit of 1171190?
1
What is the tens digit of 466757?
5
What is the ten thousands digit of 11104009?
0
What is the units digit of 216742?
2
What is the thousands digit of 8342543?
2
What is the thousands digit of 393971?
3
What is the thousands digit of 448434?
8
What is the hundred thousands digit of 896054?
8
What is the ten millions digit of 14789355?
1
What is the ten thousands digit of 5876087?
7
What is the hundred thousands digit of 102054?
1
What is the units digit of 81139?
9
What is the hundreds digit of 402640?
6
What is the tens digit of 402128?
2
What is the tens digit of 22498?
9
What is the tens digit of 4177235?
3
What is the tens digit of 11373352?
5
What is the ten thousands digit of 511499?
1
What is the thousands digit of 2034397?
4
What is the tens digit of 4927901?
0
What is the thousands digit of 637194?
7
What is the tens digit of 968521?
2
What is the tens digit of 1393932?
3
What is the ten millions digit of 13616299?
1
What is the units digit of 423145?
5
What is the tens digit of 516493?
9
What is the thousands digit of 8217975?
7
What is the tens digit of 39370727?
2
What is the hundred thousands digit of 5506058?
5
What is the tens digit of 780617?
1
What is the units digit of 627437?
7
What is the thousands digit of 8741907?
1
What is the hundreds digit of 1211207?
2
What is the hundred thousands digit of 1635424?
6
What is the thousands digit of 3243682?
3
What is the tens digit of 259709?
0
What is the ten thousands digit of 12472248?
7
What is the units digit of 1794262?
2
What is the hundreds digit of 2512057?
0
What is the thousands digit of 8110083?
0
What is the tens digit of 281684?
8
What is the units digit of 2011?
1
What is the tens digit of 17233079?
7
What is the ten thousands digit of 903748?
0
What is the hundreds digit of 21782915?
9
What is the hundred thousands digit of 4048501?
0
What is the millions digit of 26761397?
6
What is the units digit of 4978969?
9
What is the hundreds digit of 292740?
7
What is the units digit of 1180183?
3
What is the units digit of 2458143?
3
What is the hundreds digit of 2857112?
1
What is the hundreds digit of 712474?
4
What is the hundred thousands digit of 6812782?
8
What is the ten thousands digit of 226449?
2
What is the units digit of 3370859?
9
What is the units d